and u?
66
Let c = 13067 - 13046. Calculate the highest common divisor of c and 2856.
21
Suppose -2169 + 398 = -23*x. Calculate the greatest common divisor of x and 132.
11
Suppose -6*m = 5*m - 11018 - 4030. Calculate the highest common divisor of 45 and m.
9
Let g be (-345)/(-7) + (-14)/49. Suppose -141*d + 149 = -65095 + 9972. Calculate the highest common divisor of d and g.
49
Suppose -11*m + 0*m + 44 = 0. Let p = -6 + 7. Suppose -p = -m*q + 3*q. Calculate the greatest common factor of q and 1.
1
Suppose 4*f - 631 = -3*v + 244, -5*f = 20. What is the greatest common factor of v and 187?
11
Suppose 691 = u + 11. Suppose 5*x = -q - u, 535 = -4*x + 2*q - q. Let v be -3 - ((-2)/(-1))/(18/x). Calculate the highest common factor of v and 48.
12
Let t(j) = -2*j**3 - 49*j**2 - 36*j + 88. Let g be t(-24). Suppose 0 = 4*o - 5*o - w + 44, -5*o + 2*w + 241 = 0. What is the greatest common divisor of g and o?
47
Let g(q) = -56*q - 32. Let n(u) = -4*u - 9*u + 3 + 18*u. Let p(r) = 3*g(r) + 32*n(r). Let z be p(-4). What is the greatest common divisor of 8 and z?
8
Let j(b) = -34 - b**2 - 29*b + 60*b + 10 + 10*b. Let g be j(36). Calculate the greatest common divisor of 117 and g.
39
Let n(v) = -v**2 + 53*v + 158. Let p be n(55). Let s be 0/((-1 - 1)/1). Let l = 12 - s. Calculate the highest common factor of p and l.
12
Let c(u) be the second derivative of u**4/4 - u**3/3 - 6*u. Let w be c(5). Let r be 385/28 + 12/(-16). Calculate the highest common factor of r and w.
13
Let b = 12 - 7. Let l(r) = -10 + 0*r**2 - 3 + 4 + 4 + r**2 - r. Let t be l(b). Calculate the greatest common divisor of 5 and t.
5
Let r = 247 - 148. Let l(o) = -o**3 - 4*o**2. Let i be l(-4). Let j be i - 7 - 208/(-13). Calculate the highest common factor of j and r.
9
Suppose -4*y + 12752 = -4*k, -12680 = -4*y + 7*k - 12*k. Calculate the highest common factor of 135 and y.
15
Let r be -2 + (53 - (-1 - -4)). Let d be 32 + (4 - 2) + -5. Let s = 41 - d. Calculate the greatest common divisor of r and s.
12
Let j be (-14051411)/(-1342) + (-6)/(-4). What is the greatest common divisor of j and 34?
34
Let y be ((-3)/2)/((-12)/(-160)). Let h = 30 + y. Let k = -72 + 142. What is the greatest common divisor of k and h?
10
Let g be (5 + -7)*(-31)/2. Let x(u) = u**2 + u + 18. Let f be x(0). Suppose 32*i - f = g*i. What is the highest common divisor of 72 and i?
18
Let d be (698/4)/(3/6). Let i = -324 + d. Suppose 5*m - 25 = 0, 7*m - 2*m = 3*f - 50. Calculate the greatest common factor of i and f.
25
Suppose -7*x - 38 = 12*x. Let n be (-12977)/(-76) + (x - 5/(-4)). Calculate the highest common factor of n and 68.
34
Let s(l) = 267*l + 318. Let r be s(6). Calculate the highest common factor of r and 165.
15
Suppose 175 = 5*m + 5*g, -2686*g + 2689*g = -3. Calculate the highest common factor of 768 and m.
12
Let t(b) = 6*b**2 - 3*b - 3. Let s be t(-3). Suppose 2*q + 164 = z - 26*q, 0 = 5*z + 5*q - 95. What is the highest common factor of s and z?
12
Let q be (165*5/60)/((-1)/(-4)). What is the greatest common factor of 365 and q?
5
Suppose -384 = -12*d + 8*d. Suppose -8*q + d = -6*q. Suppose -11*z = -q - 7. Calculate the highest common divisor of z and 35.
5
Suppose 46738 = -10*z + 46918. Calculate the greatest common divisor of 909 and z.
9
Let f(p) = 7*p**2 - 110*p - 434. Let g be f(-4). Calculate the highest common divisor of 59 and g.
59
Let x(v) be the third derivative of -13*v**4/6 - 55*v**3/3 - 118*v**2. Let r be x(-3). What is the greatest common factor of r and 184?
46
Suppose 0 = 3*d - 9*r - 36, -30*d + 15 = -27*d - 2*r. Calculate the highest common factor of 3072 and d.
3
Suppose -a + g = 3*a - 48467, -5*g = 2*a - 24239. What is the greatest common divisor of 3 and a?
3
Let y(n) = -50*n**2 + 650*n + 53. Let h be y(13). What is the highest common factor of 10229 and h?
53
Let v = -110 + 245. Suppose 17*t - 78317 = -78062. What is the greatest common divisor of v and t?
15
Suppose 84 = -34*j + 30*j. Let n be (1/1)/(j - -18)*-27. What is the greatest common factor of 2 and n?
1
Let t = 4123 - 3987. What is the highest common factor of 2652 and t?
68
Suppose -13*r + 9*r = -b - 222, -138 = -2*r + 5*b. Let z be 3/((-20)/(-18) + -1). What is the greatest common factor of r and z?
27
Let n = -102 - -126. Let b = -21 + n. Suppose -6*j + b*j - 3 = 2*r, 3*j = 2*r + 9. What is the highest common factor of 2 and j?
1
Let k = -8 + 12. Let y be 6 - (14/21)/(k/6). Suppose -5*g + y*a + 20 = 0, 2*a = -1 + 7. Calculate the highest common factor of g and 63.
7
Let q(l) = -38*l**2 - 1682*l - 104. Let y be q(-44). Calculate the highest common factor of 462 and y.
42
Let y be ((-3036)/88)/((-7)/28*2). Let u(l) = -2*l**3 - 3*l**2 - 3*l + 3. Let v be u(-6). What is the highest common factor of y and v?
69
Suppose -5*n + 115 = 2*v, -68 = -3*n - v + 1. Let i = 37 + n. Suppose 59*y = 68*y - 270. Calculate the greatest common divisor of i and y.
30
Suppose 4*d + 3*n = 914, -3*n = 5*d + 2*n - 1140. Let r = d + -161. Let f be ((1 + -369)/(-4))/((-4)/(-2)). What is the greatest common divisor of f and r?
23
Let q be (24/(-21))/((-588)/19551). Suppose 0 = -3*p + 2*g + 802, 3*p - 2*g = p + 536. What is the greatest common divisor of p and q?
38
Suppose -5903 = -5*t + 3*d, -7*t + t + 7161 = 5*d. Calculate the greatest common divisor of t and 4.
2
Suppose -30*f + 91 - 541 = 0. Let k be ((-5)/15*f + 63)*1. What is the highest common factor of k and 187?
17
Let h be (-51)/(-7) + (-1224)/4284. Calculate the greatest common divisor of h and 448.
7
Let w(f) = -2*f - 18. Let b be w(-9). Suppose z + l + 49 = -b*z, 4*l = -12. Let i be (-3)/6*-4 - z. Calculate the greatest common factor of i and 24.
24
Suppose 4823 = 358*x - 38230 - 67211. Let k(d) = 8*d**2 - 2*d. Let z be k(2). Calculate the highest common divisor of x and z.
28
Suppose 4*s + 9*q + 25 = 14*q, 4*s + 3*q - 15 = 0. Suppose 0 = -18*a - s*a + 3564. Calculate the highest common divisor of a and 54.
18
Let x = -162 + 166. Suppose x*y + 5*t - t = 320, 0 = 4*y + 2*t - 314. Calculate the highest common factor of 44 and y.
11
Let l = -14589 + 17559. Calculate the highest common factor of 240 and l.
30
Suppose 850*g + 10 = 851*g. What is the highest common divisor of g and 1390?
10
Let u be 495/9 + 1 + -2. Suppose 0*c = -4*c + 20. Suppose c*k - 25 - 5 = 0. Calculate the greatest common factor of u and k.
6
Let a(b) = -1 - 1 - 1 - 88*b + 32*b**2 + 84*b. Let o be a(-3). Suppose 4*t = t + o. Calculate the highest common divisor of 9 and t.
9
Suppose 2*r - 4*i = 7584, -4*r + 9354 + 5779 = -i. What is the greatest common factor of r and 61?
61
Let k be 8 + 0 - 295/59. What is the greatest common divisor of 687 and k?
3
Let u(f) = f + 23. Let i be u(-4). Let w be 20 + -22 + -1 + -1 + i. Calculate the greatest common divisor of w and 20.
5
Let q be (3 + 0)*6/9. Suppose -14 = -2*i + q. Suppose -141*d = -126*d - 30. What is the highest common divisor of d and i?
2
Let w(m) = 11*m**2 - 15*m + 51. Let v be w(10). What is the highest common factor of v and 26?
13
Suppose 1473 = -154*k + 14759 - 1736. What is the highest common factor of 325 and k?
25
Let n be (-3 - -1)/((-6)/33). Let b = -6 + n. Suppose 7*h - 2*h = b. Calculate the greatest common factor of 1 and h.
1
Let d be 18/135 - 223/(-15). Suppose -4*w + 149 = z, 2*z - 2*w = 71 + 267. What is the highest common factor of d and z?
15
Let a(y) = 4*y**2 - 19*y + 32. Let x be a(9). Suppose -63 = -8*q + x. Calculate the greatest common divisor of 31 and q.
31
Suppose -120 = -4*g - 0*g + 2*m, 2*g - 68 = 3*m. Calculate the greatest common divisor of g and 9.
1
Suppose 14784 - 4659 = 15*c. Suppose 0 = -4*w - 171 + c. Calculate the greatest common divisor of w and 18.
18
Suppose -4*a = 5*m - 19216, 2*a + 345 = 333. What is the greatest common factor of 74 and m?
74
Suppose 305*o - 4*v - 748 = 301*o, -3*v = 2*o - 349. Calculate the greatest common factor of o and 26.
26
Let x(t) = 31*t**2 + 10*t. Let a(l) = 3*l**2 + 17*l - 4. Let u be a(-6). Let i be x(u). What is the greatest common factor of 32 and i?
16
Suppose -4*i = 2*h - 5*h - 20311, -i + 5065 = -5*h. Calculate the highest common factor of 40 and i.
40
Let g(u) = 29*u**2 - 31*u - 33. Let b be g(-1). Calculate the highest common divisor of 102 and b.
3
Let o = -275 - -320. Let z = 165 - 9